{"id":27,"date":"2015-01-21T18:02:15","date_gmt":"2015-01-21T18:02:15","guid":{"rendered":"http:\/\/www.sinasefe-ifc.org\/litoral\/?page_id=27"},"modified":"2025-12-19T15:43:50","modified_gmt":"2025-12-19T18:43:50","slug":"contato","status":"publish","type":"page","link":"https:\/\/www.sinasefe-ifc.org\/litoral\/contato\/","title":{"rendered":"Contato"},"content":{"rendered":"\n<p><strong>SINASEFE Litoral &#8211; Se\u00e7\u00e3o&nbsp;Sindical do Instituto Federal de Educa\u00e7\u00e3o, Ci\u00eancia e Tecnologia Catarinense &#8211; Litoral do Vale do Itaja\u00ed\/SC<\/strong><\/p>\n\n\n\n<p>Representante local do Sindicato Nacional dos Servidores Federais da Educa\u00e7\u00e3o B\u00e1sica, Profissional e Tecnol\u00f3gica &#8211; SINASEFE para os docentes e t\u00e9cnico-administrativos em educa\u00e7\u00e3o das unidades Araquari, Blumenau (Campus e Reitoria), Brusque, Cambori\u00fa, S\u00e3o Bento do Sul e S\u00e3o Francisco do Sul do IFC.<\/p>\n\n\n\n<div style=\"height:20px\" aria-hidden=\"true\" class=\"wp-block-spacer\"><\/div>\n\n\n\n<p class=\"has-text-align-center has-very-light-gray-color has-luminous-vivid-orange-background-color has-text-color has-background\"><strong>Secretaria<\/strong><br><br>Rua Pedro Honorato Amorim, 169, apto 101 (acesso pela Rua Porto Alegre). Centro, Cambori\u00fa &#8211; SC. CEP:\u00a0 88340-215<br><strong>Telefone\/WhatsApp: <a href=\"https:\/\/wa.me\/554733651982\" target=\"_blank\" rel=\"noreferrer noopener\">47 3365-1982<\/a><\/strong> <strong>| E-mail:\u00a0 <\/strong>secretaria@sinasefe-ifc.org<strong><br>Hor\u00e1rio de atendimento:<\/strong> <em>Segunda a sexta: 8h30 \u00e0s 14h30<\/em><\/p>\n\n\n\n<div style=\"height:20px\" aria-hidden=\"true\" class=\"wp-block-spacer\"><\/div>\n\n\n\n<iframe loading=\"lazy\" src=\"https:\/\/www.google.com\/maps\/embed?pb=!1m18!1m12!1m3!1d3554.130793082085!2d-48.658199485290716!3d-27.026032704448518!2m3!1f0!2f0!3f0!3m2!1i1024!2i768!4f13.1!3m3!1m2!1s0x94d8b595ef8a6847%3A0xcb5c2b5c3206e2fa!2sSINASEFE+Litoral!5e0!3m2!1spt-BR!2sbr!4v1549297769118\" style=\"border:0\" allowfullscreen=\"\" width=\"772\" height=\"450\" frameborder=\"0\"><\/iframe>\n\n\n\n<div style=\"height:40px\" aria-hidden=\"true\" class=\"wp-block-spacer\"><\/div>\n\n\n\n<p class=\"has-luminous-vivid-orange-background-color has-text-color has-background\" style=\"color:#ffffff\"><strong>Contate-nos tamb\u00e9m enviando sua mensagem no formul\u00e1rio abaixo!<\/strong><\/p>\n\n\n\n<div style=\"height:20px\" aria-hidden=\"true\" class=\"wp-block-spacer\"><\/div>\n\n\n\n\n<div class=\"wpcf7 no-js\" id=\"wpcf7-f2489-o1\" lang=\"pt-BR\" dir=\"ltr\" data-wpcf7-id=\"2489\">\n<div class=\"screen-reader-response\"><p role=\"status\" aria-live=\"polite\" aria-atomic=\"true\"><\/p> <ul><\/ul><\/div>\n<form action=\"\/litoral\/wp-json\/wp\/v2\/pages\/27#wpcf7-f2489-o1\" method=\"post\" class=\"wpcf7-form init\" aria-label=\"Formul\u00e1rios de contato\" novalidate=\"novalidate\" data-status=\"init\">\n<div style=\"display: none;\">\n<input type=\"hidden\" name=\"_wpcf7\" value=\"2489\" \/>\n<input type=\"hidden\" name=\"_wpcf7_version\" value=\"6.0.6\" \/>\n<input type=\"hidden\" name=\"_wpcf7_locale\" value=\"pt_BR\" \/>\n<input type=\"hidden\" name=\"_wpcf7_unit_tag\" value=\"wpcf7-f2489-o1\" \/>\n<input type=\"hidden\" name=\"_wpcf7_container_post\" value=\"0\" \/>\n<input type=\"hidden\" name=\"_wpcf7_posted_data_hash\" value=\"\" \/>\n<input type=\"hidden\" name=\"_wpcf7_recaptcha_response\" value=\"\" \/>\n<\/div>\n<p><label> Seu nome (obrigat\u00f3rio)<br \/>\n<span class=\"wpcf7-form-control-wrap\" data-name=\"your-name\"><input size=\"40\" maxlength=\"400\" class=\"wpcf7-form-control wpcf7-text wpcf7-validates-as-required\" aria-required=\"true\" aria-invalid=\"false\" value=\"\" type=\"text\" name=\"your-name\" \/><\/span> <\/label>\n<\/p>\n<p><label> Seu e-mail (obrigat\u00f3rio)<br \/>\n<span class=\"wpcf7-form-control-wrap\" data-name=\"your-email\"><input size=\"40\" maxlength=\"400\" class=\"wpcf7-form-control wpcf7-email wpcf7-validates-as-required wpcf7-text wpcf7-validates-as-email\" aria-required=\"true\" aria-invalid=\"false\" value=\"\" type=\"email\" name=\"your-email\" \/><\/span> <\/label>\n<\/p>\n<p><label> Assunto<br \/>\n<span class=\"wpcf7-form-control-wrap\" data-name=\"your-subject\"><input size=\"40\" maxlength=\"400\" class=\"wpcf7-form-control wpcf7-text\" aria-invalid=\"false\" value=\"\" type=\"text\" name=\"your-subject\" \/><\/span> <\/label>\n<\/p>\n<p><label> Sua mensagem<br \/>\n<span class=\"wpcf7-form-control-wrap\" data-name=\"your-message\"><textarea cols=\"40\" rows=\"10\" maxlength=\"2000\" class=\"wpcf7-form-control wpcf7-textarea\" aria-invalid=\"false\" name=\"your-message\"><\/textarea><\/span> <\/label>\n<\/p>\n<p><input class=\"wpcf7-form-control wpcf7-submit has-spinner\" type=\"submit\" value=\"Enviar\" \/>\n<\/p><p style=\"display: none !important;\"><label>&#916;<textarea name=\"_wpcf7_ak_hp_textarea\" cols=\"45\" rows=\"8\" maxlength=\"100\"><\/textarea><\/label><input type=\"hidden\" id=\"ak_js_1\" name=\"_wpcf7_ak_js\" value=\"154\"\/><script>document.getElementById( \"ak_js_1\" ).setAttribute( \"value\", ( new Date() ).getTime() );<\/script><\/p><div class=\"wpcf7-response-output\" aria-hidden=\"true\"><\/div>\n<\/form>\n<\/div>\n\n","protected":false},"excerpt":{"rendered":"<p>SINASEFE Litoral &#8211; Se\u00e7\u00e3o&nbsp;Sindical do Instituto Federal de Educa\u00e7\u00e3o, Ci\u00eancia e Tecnologia Catarinense &#8211; Litoral do Vale do Itaja\u00ed\/SC Representante local do Sindicato Nacional dos Servidores Federais da Educa\u00e7\u00e3o B\u00e1sica, [&hellip;]<\/p>\n","protected":false},"author":1,"featured_media":0,"parent":0,"menu_order":0,"comment_status":"closed","ping_status":"open","template":"","meta":{"_uag_custom_page_level_css":"","footnotes":""},"class_list":["post-27","page","type-page","status-publish","hentry"],"uagb_featured_image_src":{"full":false,"thumbnail":false,"medium":false,"medium_large":false,"large":false,"1536x1536":false,"2048x2048":false,"post-thumbnail":false,"cenote-full-width":false,"cenote-post":false,"cenote-post-auto":false,"mailpoet_newsletter_max":false},"uagb_author_info":{"display_name":"SINASEFE IFC","author_link":"https:\/\/www.sinasefe-ifc.org\/litoral\/author\/webmaster\/"},"uagb_comment_info":0,"uagb_excerpt":"SINASEFE Litoral &#8211; Se\u00e7\u00e3o&nbsp;Sindical do Instituto Federal de Educa\u00e7\u00e3o, Ci\u00eancia e Tecnologia Catarinense &#8211; Litoral do Vale do Itaja\u00ed\/SC Representante local do Sindicato Nacional dos Servidores Federais da Educa\u00e7\u00e3o B\u00e1sica, [&hellip;]","jetpack_sharing_enabled":false,"jetpack_shortlink":"https:\/\/wp.me\/P9YpaO-r","_links":{"self":[{"href":"https:\/\/www.sinasefe-ifc.org\/litoral\/wp-json\/wp\/v2\/pages\/27","targetHints":{"allow":["GET"]}}],"collection":[{"href":"https:\/\/www.sinasefe-ifc.org\/litoral\/wp-json\/wp\/v2\/pages"}],"about":[{"href":"https:\/\/www.sinasefe-ifc.org\/litoral\/wp-json\/wp\/v2\/types\/page"}],"author":[{"embeddable":true,"href":"https:\/\/www.sinasefe-ifc.org\/litoral\/wp-json\/wp\/v2\/users\/1"}],"replies":[{"embeddable":true,"href":"https:\/\/www.sinasefe-ifc.org\/litoral\/wp-json\/wp\/v2\/comments?post=27"}],"version-history":[{"count":36,"href":"https:\/\/www.sinasefe-ifc.org\/litoral\/wp-json\/wp\/v2\/pages\/27\/revisions"}],"predecessor-version":[{"id":11350,"href":"https:\/\/www.sinasefe-ifc.org\/litoral\/wp-json\/wp\/v2\/pages\/27\/revisions\/11350"}],"wp:attachment":[{"href":"https:\/\/www.sinasefe-ifc.org\/litoral\/wp-json\/wp\/v2\/media?parent=27"}],"curies":[{"name":"wp","href":"https:\/\/api.w.org\/{rel}","templated":true}]}}